ors of m?
2
Let i(p) = -2*p**2 - 45*p - 42. List the prime factors of i(-19).
7, 13
Let z = -24 - -72. What are the prime factors of z?
2, 3
Let g = 124 + -59. List the prime factors of g.
5, 13
Suppose 5*v + 4 = 24. Suppose -v*r - 4*h = -40, h - 43 = -4*r - 2*h. List the prime factors of r.
13
Let r = 301 - 125. What are the prime factors of r?
2, 11
What are the prime factors of 4 + (-2 - -1) - (0 + -52)?
5, 11
Let o(f) = -11*f - 73. What are the prime factors of o(-16)?
103
List the prime factors of (0 + -8)*(3 - 4).
2
Let d be (-1)/3 + (-70)/(-3). Suppose 2*w - 3*m = -d, -9 - 16 = 5*w - m. Let n(q) = -q**3 - 2*q**2 + 3*q. What are the prime factors of n(w)?
2, 5
Let r(m) = 3*m**3 - 3*m**2 + 3*m - 3. Let g = -11 - -13. List the prime factors of r(g).
3, 5
Suppose 0 = -5*y - 16 + 46. Suppose 4*v = -5*t + 67, -2*v - 5*t + y = -25. Let k = v + -8. List the prime factors of k.
2, 5
Let c(n) = -7*n**3 + 6*n**2 - 8*n - 7. Let d(t) = 6*t**3 - 6*t**2 + 7*t + 6. Let u(a) = 5*c(a) + 6*d(a). List the prime factors of u(6).
13
Suppose -32*l = -29*l - 708. List the prime factors of l.
2, 59
Let m(u) = -u**3 - 5*u**2 + 5*u - 1. Let q be m(-6). Let v = q + -3. Suppose -v = -0*t - t. What are the prime factors of t?
2
What are the prime factors of (-1 - 1) + -2*(-213)/6?
3, 23
Suppose -3*a = -2*u + u - 112, 0 = 2*a - u - 73. What are the prime factors of a?
3, 13
Let m = 84 - 59. What are the prime factors of m?
5
Suppose 35 = -2*a + 7*a. Suppose 2*i - a = 23. List the prime factors of i.
3, 5
What are the prime factors of (-5)/(16 + 4)*-12?
3
Let s be 4 + 1/(1/(-2)). Suppose 0 = 2*a + 2 + s. Let p = a + 11. List the prime factors of p.
3
Suppose -3*l + 233 = i, l + 2*i - 3*i = 71. List the prime factors of l.
2, 19
Let f = -145 - -207. List the prime factors of f.
2, 31
Let a(j) = -7*j - 4. Let m be a(-3). Let t = m - 12. List the prime factors of t.
5
Let y = -4 + 4. Suppose y = -g - 2*g - b + 11, 4*b - 8 = 0. List the prime factors of g.
3
Suppose 2*f = 40 + 60. What are the prime factors of f?
2, 5
Suppose -6 - 26 = 4*f. List the prime factors of (-6 + 4)/(2/f).
2
Suppose 0*h + 2*h - 8 = 0. Let u = 1 - 1. Suppose u = -2*p + q + 21, 3*p + 28 = h*p - 4*q. List the prime factors of p.
2
Suppose -3*a + 2*z + 241 = -2*z, 0 = -3*a - 2*z + 235. What are the prime factors of a?
79
Let a be ((-4)/10)/(2/(-110)). Suppose 0 = 2*l - l - a. What are the prime factors of l?
2, 11
What are the prime factors of 76/6*(-54)/(-36)?
19
Suppose -2*n + 5*n = 0. Suppose -w + 5*a + 2 = -3, 2*w + 5*a - 10 = n. Suppose -w*h = -62 + 22. What are the prime factors of h?
2
Let z(n) = 2*n - 8. Let u = -19 + 27. Suppose s = 2*s - u. What are the prime factors of z(s)?
2
Suppose 0 = z - 18 - 59. What are the prime factors of z?
7, 11
Let t(q) = q**3 + 36. List the prime factors of t(0).
2, 3
List the prime factors of 244/6 - (-2)/(-3).
2, 5
Let a(q) = -7*q - 2. Let x be a(-2). Suppose -8 = 2*m - x. List the prime factors of m.
2
Let q(x) = -334*x**2 - 155*x**2 + x + 96*x**2. Let k be q(1). What are the prime factors of (-8)/(-44) - k/22?
2, 3
Suppose 4*s = s + 15. Let r = s - -9. List the prime factors of r.
2, 7
Suppose -4*m + 10 = -6. Suppose -15 - 1 = -m*z. List the prime factors of z.
2
Suppose -4*r = -2*r - 14. Let n(l) = -l**3 + 6*l**2 + 9*l - 5. List the prime factors of n(r).
3
Let m = 92 - 55. What are the prime factors of m?
37
Let y(h) be the first derivative of -1/3*h**3 - 2 - 10*h - 9/2*h**2. List the prime factors of y(-7).
2
Let i = 10 + -7. Suppose -i*w = -18 - 42. Suppose -5*d + 0*d + w = 0. What are the prime factors of d?
2
Suppose -2*f + 8 + 82 = 0. List the prime factors of f.
3, 5
Let t(s) = 3*s**2 - 2*s - 1. Let h be t(-1). Suppose -h*r - 13 = -5*r. List the prime factors of r.
13
Let s(c) = -c**3 + 9*c**2 - 6*c - 6. Let w be s(8). Let z = 16 - w. List the prime factors of z.
2, 3
Let u = 13 - 10. Suppose -6*g = -u*g - 54. What are the prime factors of g?
2, 3
Suppose -n + 2*n - 3*b - 32 = 0, b - 76 = -3*n. List the prime factors of n.
2, 13
Let a = -39 + 58. List the prime factors of a.
19
Let z be (2 - 3 - -3)*1. Suppose -5*j + 16 = 2*w - 2*j, -z*w - 2*j + 14 = 0. List the prime factors of w.
5
Suppose -2 = -p - 4. Let k = 1 - 1. Let y = k - p. What are the prime factors of y?
2
Suppose -2*z + 112 = 38. List the prime factors of z.
37
Let a = -35 - -71. List the prime factors of a.
2, 3
List the prime factors of 95*2*(-4)/(-8).
5, 19
Let p = -376 + 529. What are the prime factors of p?
3, 17
Let z(b) = b**3 - 2*b**2 - 4*b - 1. Let k be z(4). List the prime factors of 18/(-1 - k/(-6)).
2, 3
Let s(a) = a**3 + 5*a**2 + 4*a. Let i(q) = q - 16. Let o be i(12). Let x be s(o). Suppose -2*v + 30 = -x. List the prime factors of v.
3, 5
Let n = -373 - -532. List the prime factors of n.
3, 53
Let v be 2/7 - (-75)/7. Suppose -v = -5*m + 49. What are the prime factors of m?
2, 3
Let p be (-22)/4*1*-16. Suppose 0 = -4*o - 4*d + p, 4*o + d - 6*d - 106 = 0. What are the prime factors of o?
2, 3
Let o = 3 - 3. Let p be 4 + (o + 2)/1. Suppose -h + 4*h = p. What are the prime factors of h?
2
Let f = 17 + 22. What are the prime factors of f?
3, 13
Suppose 51 = 5*n - 94. Suppose -3*j = -2*k + n, 3*j - 2 = k + 7*j. What are the prime factors of k?
2, 5
Let p(m) = -m**3 + 6*m**2 + 8*m - 3. Let o be p(7). Suppose -n + 10 = o*n, d - 3*n + 15 = 0. Let k = 20 + d. List the prime factors of k.
11
Let h(a) = -a**2 - 8*a + 2. Let l be h(-8). Let o be -3*3/(-18)*6. Suppose -o*p + 34 = -4*r, 2*p - 4*r + l*r = 22. List the prime factors of p.
2, 5
Suppose 58 = 4*l + 14. Let r(k) = -k**3 + 10*k**2 + 12*k - 9. List the prime factors of r(l).
2
Suppose -x + 20 + 2 = 0. What are the prime factors of x?
2, 11
Let x(f) = -f**3 + f**2 + f - 2. Let t be x(2). List the prime factors of (2/t)/((-9)/666).
37
Let q = -8 - -13. Suppose -7 - q = -2*o. What are the prime factors of o?
2, 3
Let p = 4 - 20. List the prime factors of 26 + 4*(-12)/p.
29
Let c(a) = 2*a**2 + 4*a + 9. Let w(v) = -3*v**2 - 4*v - 10. Let g(l) = -4*c(l) - 3*w(l). List the prime factors of g(7).
3, 5
Suppose -4*s + 5*b = b, -4*s = -b + 12. What are the prime factors of (124/2)/(-2 - s)?
31
Let s = 5 - 3. Suppose 22 = 4*z - s. List the prime factors of 4/12 + 64/z.
11
Let u = 358 - 248. List the prime factors of u.
2, 5, 11
Suppose 0*k = k + 3*d - 8, 3*k = 2*d + 68. Suppose 5*u - 10 - 15 = 0. Suppose u*f = -10, a - 2*f + k = 4*a. List the prime factors of a.
2
Suppose 2*j - 7*j - 4*a + 296 = 0, 0 = j + 4*a - 56. Suppose j = c + 4*c. List the prime factors of c.
2, 3
Suppose 6*r - 3*r = 24. Let v be -1 - (-5)/(10/r). Suppose 0 = -v*n + 39 + 6. What are the prime factors of n?
3, 5
Let t be 4/2*(-5 - -11). Let d = 14 - t. What are the prime factors of d?
2
Let b = 12 + -9. Suppose 0 = -3*o + 12, k - 3*o = -o - b. List the prime factors of k.
5
Suppose -5 = 2*p + 5. Let s = 10 + p. What are the prime factors of s?
5
Let a(k) = -4*k**3 - 2*k**2. Let z be a(-2). Let p = z + -16. What are the prime factors of p?
2
Let f = 10 + 38. What are the prime factors of f?
2, 3
Suppose 5*f + 5*b = -4 + 49, 5*f - 3*b - 5 = 0. Let t = f + 14. What are the prime factors of t?
2, 3
Suppose 4*f - 277 = -5*c, 0 = -0*c - 5*c + 25. List the prime factors of f/(-3)*(-6)/7.
2, 3
List the prime factors of ((-195)/(-5))/((-6)/(-8)).
2, 13
Suppose 2*n + 2 = 8. Suppose -p - n*p + 12 = 0. Suppose 8 = p*y - 1. List the prime factors of y.
3
Let z(q) = q**2 + 6*q + 6. Let t be 40/(-30)*(-18)/(-4). Let y be z(t). List the prime factors of (-5)/((-15)/y) - -6.
2
Suppose 2*a - 2 = 2. List the prime factors of a.
2
Suppose 2*m = 7*m - 265. Suppose -3*b = 11 - m. What are the prime factors of b?
2, 7
Suppose 4*h = -16, 3*u = 5*h - 10*h + 4. Let g(f) = 6*f**2 - 2*f**2 - 3*f**2 - 15*f + 7*f + 3. List the prime factors of g(u).
3
Suppose 134 = 2*m - 4*a, 5*m + 5*a = 118 + 142. What are the prime factors of m?
3, 19
Let n(r) = -2*r + 0 - r + r - 5. Let w be n(-4). Let i = w - -16. List the prime factors of i.
19
Let n(a) = -2*a + 10*a - 2 - 1. Let y be (9/24*4)/((-2)/(-4)). List the prime factors of n(y).
3, 7
List the prime factors of (-13)/(6/(-72) + 0).
2, 3, 13
Suppose -8*y + 10 + 30 = 0. Let j be 3*4*(-1)/2. What are the prime factors of y/15 + (-94)/j?
2
Let p be (